- 1012 - 1004. What is the highest common factor of 560 and o?
112
Suppose -5*x - 3*k + 31443 = 0, -10*x = -5*k + 9*k - 62894. Calculate the greatest common divisor of x and 27.
27
Let t be (-22)/(-10) - (24/(-40))/(-3). Suppose -t*b = w - 2*w + 26, w = -2*b + 26. Calculate the highest common divisor of w and 91.
13
Let z(l) = 2*l**2 - 15*l - 64. Let j be z(-12). Calculate the greatest common factor of 16 and j.
4
Let a(r) = -r**3 + 52*r**2 + 120*r - 171. Let v be a(54). Calculate the highest common factor of 3 and v.
3
Suppose 38*y + 50 = 33*y. Let v(m) = -21*m - 129. Let h be v(y). Calculate the greatest common divisor of h and 27.
27
Let j be 0*(11/66)/(2/4). Suppose -2*h + 6 = -2, 4*d - h - 4 = j. Let s be d/(-11) + (1280/22 - -5). Calculate the greatest common factor of s and 42.
21
Suppose 5*z - 5*d + 1232 = 6*z, z - 1202 = d. Calculate the greatest common divisor of 142 and z.
71
Let v = 2345 + -2253. What is the highest common divisor of 2231 and v?
23
Let n be ((-8)/2 + 3)*-1. Let w(g) = g**3 + 3*g**2 - 7*g - 1. Let a be w(-3). Let v be 175/a - (-4)/16. Calculate the greatest common divisor of v and n.
1
Let k be 250/3 - (-20)/30. Suppose -5*m + k = 24. Let b(v) = -v**3 - 18*v**2 - 23*v - 6. Let d be b(-17). What is the greatest common factor of m and d?
12
Suppose 4*g + 16 = a, a - 1 = -2*g - 3. Let v = 1 - a. Let n be (2/v)/((-2)/21). What is the greatest common factor of 63 and n?
7
Let z(o) = 3*o**3 - 10*o**2 - 17. Let d(b) = -b**3 - b**2 + b. Let l(w) = 5*d(w) + z(w). Let a be l(-8). What is the greatest common divisor of a and 196?
7
Let l be 9/(18/505) + 2/4. Calculate the greatest common factor of 115 and l.
23
Let v = -492 + 688. What is the greatest common divisor of v and 868?
28
Suppose 2*m + m + l - 14 = 0, -m = 5*l + 14. Suppose 0 = m*k - 2*k - 2096. Suppose -k = -3*g - 164. What is the greatest common factor of g and 24?
24
Let s be (320 - 209)/(2/34). What is the highest common divisor of s and 102?
51
Let j be (-60)/4 + -49 + 3860. Calculate the greatest common factor of j and 572.
52
Let x = -436 - -445. Let s be -12*5/(-4) - x. Calculate the highest common divisor of 94 and s.
2
Let i(v) = 24 - 43 - 21*v + 22. Let w(k) = 5*k - 1. Let p(u) = 4*i(u) + 18*w(u). Let y be p(7). Calculate the greatest common divisor of y and 9.
9
Let q = 107 - 106. Let o be (q/2*-1)/(1/2). Let j be o/2*(-9)/(27/78). Calculate the highest common divisor of j and 143.
13
Let u be 2/3 - 57/(-9). Let d(r) = -18*r - 27*r + r - r**2 + 9*r - 12*r + 206. Let i be d(-50). What is the highest common divisor of i and u?
7
Suppose 0 = 6*v - 2*v - 420. Let c = v - 65. Let t = 555465 - 555461. What is the greatest common divisor of c and t?
4
Suppose -3*f + 4*y + 9391 = -48772, 77581 = 4*f - y. What is the greatest common divisor of f and 34?
17
Suppose 6*s = 11*s - 195. Suppose -5*p + 276 + s = 0. Let l be 0 + -4*(-9)/12 + 4. What is the greatest common factor of p and l?
7
Suppose -4*d - 3*z + 1317 = 0, -d + 991 = 2*d - z. Let o = d - 218. Let x(l) = -185*l + 38864. Let h be x(210). Calculate the highest common factor of h and o.
14
Let x(a) = -24*a**3 + 10*a**2 + 17*a + 1. Let j be x(-5). What is the highest common divisor of 4 and j?
2
Let s(p) = -3*p**3 + p**2 + 17*p + 30. Let o be (-385)/121 + (-2 - 48/(-22)). Let v be s(o). What is the highest common factor of v and 46?
23
Let r(d) = d**3 - 11*d**2 + 9*d + 9. Let i be r(10). Let l = i - -76. Let q be 135/6*((-10)/3)/(-5). Calculate the highest common factor of q and l.
15
Let s = -626 - -776. Let k = -74 + 249. Calculate the greatest common divisor of k and s.
25
Suppose -16*o + 21*o - 545 = -7*b, -2*o + b = -237. Calculate the greatest common factor of o and 2697.
29
Let d(m) = -m**2 + 23*m + 58. Let q be d(22). Suppose 2*o = -3*t + 148 + 140, 0 = 2*o + 4*t - 288. What is the highest common divisor of q and o?
16
Suppose 2*f - 19 = -1. Suppose -61 = f*r - 223. Let y(i) = -13*i + 7. Let z be y(-5). Calculate the highest common divisor of r and z.
18
Suppose -9*h + 103 + 23 = 0. Suppose -2*r + 4*l = -r - h, -5*l - 70 = -3*r. What is the greatest common factor of r and 210?
30
Suppose 0 = 2*w - 0*w - 62. Let h(q) = 6*q**2 + 2*q + 930. Let a be h(0). Suppose 55*y = 49*y + a. Calculate the highest common factor of y and w.
31
Suppose -13 = z - 39. Let g = 287 - 305. Let s be 714/9 - (-24)/g. Calculate the highest common factor of z and s.
26
Let q be (3 + 3 + 339)*(-156)/(-65). Let d = 849 - q. What is the greatest common divisor of d and 1407?
21
Let q(k) = -k**3 + 6*k**2 + 5*k + 80. Let u be q(0). Calculate the greatest common divisor of 100 and u.
20
Suppose -24*j = -o - 20*j + 86, -j - 179 = -2*o. What is the highest common divisor of o and 1230?
30
Suppose -5*r + 1 + 9 = 0. Suppose -k = 3*g - 0*k - 7, k - 5 = -r*g. Suppose -h - 6 - 6 = -2*c, g*c - 3*h = 4. Calculate the highest common divisor of c and 88.
8
Let s = -8206 + 8459. What is the highest common factor of s and 99?
11
Suppose 0 = 28*t - 9227 - 10288 + 3247. Calculate the highest common factor of t and 913.
83
Let f = 7824 - 584. What is the highest common divisor of 200 and f?
40
Let j(w) = w**2 - 17*w + 80. Let c = 54 - 46. Let n be j(c). What is the greatest common divisor of 8 and n?
8
Let l(m) = -3*m**3 + 2*m - 4*m**3 + 6*m**3 + 7*m**2 + 0*m**3 + 6. Let v be l(6). Calculate the highest common factor of 18 and v.
18
Let p be ((-58)/(-3))/((-2)/(-69)). Suppose 2*u - 111 + 41 = -3*o, -5*u - 2*o = -153. Calculate the highest common divisor of p and u.
29
Let m(f) = -f + 38. Let d(w) = -w**3 + 6*w**2 + 17*w + 7. Let c be 1/2 - 3*5/(-2). Let x be d(c). Let b be m(x). What is the highest common factor of b and 138?
23
Let r be (-18)/(-207) - 264/(-138). What is the highest common divisor of r and 1046?
2
Let z(i) = 2*i + 23. Let d(n) = n + 23. Let l(r) = 3*d(r) - 2*z(r). Let w = 993 - 982. Let o be l(w). What is the greatest common divisor of o and 108?
12
Let z = 474 - 173. Suppose -13*x - 80 + z = 0. Calculate the highest common factor of x and 221.
17
Suppose 0 = -229*n + 190*n + 78. Calculate the greatest common divisor of 3236 and n.
2
Suppose 0 = 132*l - 47*l - 202895. What is the highest common factor of l and 44?
11
Let w be 24 + -11 - 24 - -105. What is the greatest common factor of 1739 and w?
47
Let i(n) = 31*n - 1. Let y be i(1). Suppose 4*v = 2*a + 12, 954*v = 2*a + 949*v + 18. Calculate the highest common divisor of y and a.
6
Suppose 0 = -5*g - 4*l + 916, 2*g - 317 = -3*l + 48. Calculate the highest common divisor of 1058 and g.
46
Let g = 5184 + -4812. Calculate the highest common divisor of g and 156.
12
Let v = 10285 - 10181. Let i(o) = o**3 - 6*o**2 + 7*o - 2. Let k be i(5). Calculate the greatest common divisor of k and v.
8
Suppose 41*l = 14*l - 135. Let t(h) = -50*h - 194. Let c be t(l). What is the highest common factor of c and 49?
7
Let g = -32893 - -34498. What is the highest common divisor of 749 and g?
107
Let k(a) = 4*a + 368. Let i be k(-1). Calculate the highest common factor of 2756 and i.
52
Let m be ((-10)/(-15))/((-6)/(-9)). Let p be 30*55/132 - m/2. What is the highest common divisor of p and 204?
12
Suppose 284*w + 4*p = 288*w - 38504, 2*w + 4*p = 19246. What is the highest common factor of 33 and w?
11
Let b = 41215 - 41205. What is the highest common factor of b and 3645?
5
Let w = -248 + -243. Let b = -429 - w. What is the highest common divisor of b and 4?
2
Let j(l) = 46*l + 279. Let v be j(-6). Suppose 109 + 68 = 5*m - v*x, 0 = -2*m - 2*x + 74. What is the greatest common divisor of 192 and m?
12
Let w be -4 + 32 - (-3 - (4 + -3)). Let c(g) = 52*g - 8. Let l be c(2). What is the greatest common divisor of w and l?
32
Let t(h) = -30*h**2 - 10*h - 4. Let r be t(-2). Let d = r + 182. Suppose 3*q - 13 = 2*q. What is the greatest common divisor of d and q?
13
Let h(v) = 166*v - 554. Let p be h(9). What is the highest common divisor of 260 and p?
20
Let f be (-190)/(-25) + (-2)/(-5). Suppose -41 - 7 = -f*y. Suppose -y = -6*x + 108. What is the highest common factor of x and 209?
19
Suppose -571 = -2*d - 369. Suppose d*m = 108*m - 259. Calculate the greatest common factor of m and 1184.
37
Suppose 11*m - 178 - 2583 = 0. Suppose 3*u - 4*i - m - 97 = 0, -4*u + 433 = 5*i. Calculate the greatest commo